 of y(a).
3
Suppose -4*g + 12 = 0, 3*s - 96 = -5*g - 6. List the prime factors of (-60)/s*(-510)/9.
2, 17
Let x(z) be the third derivative of -z**6/120 + z**5/5 - 7*z**4/24 + 5*z**3/3 - 23*z**2. What are the prime factors of x(11)?
2, 3
Let u(i) = -2*i**2 + 4*i - 3. Let f be u(2). List the prime factors of (6 + f)/(-3*(-1)/151).
151
Let c(o) = 60*o**2 + 16*o - 2. What are the prime factors of c(2)?
2, 3, 5
Let r(x) = 10*x**2 + 4*x - 17. Let t(q) = 20*q**2 + 8*q - 34. Let l(p) = -5*r(p) + 3*t(p). List the prime factors of l(-6).
11, 29
Let b(i) = 87*i**2 - 2*i - 2. List the prime factors of b(2).
2, 3, 19
Let n(w) = w**3 + 10*w**2 - w - 5. Let l be n(-10). Suppose l*i - 159 = -3*m + 565, -146 = -i - m. List the prime factors of i.
11, 13
Let t = 2 + 14. Let x = t + -14. Suppose 3*w - 213 = x*m - 7*m, -5*m + 205 = -5*w. What are the prime factors of m?
2, 3, 7
Suppose 0 = -2*x + 217 - 23. Let c = x + -49. What are the prime factors of c?
2, 3
Let z(p) = p**3 - 5*p**2 - 4*p + 5. Suppose c - 17 - 5 = -4*k, 7 = 3*k - 4*c. Suppose -7 = -2*f + k. List the prime factors of z(f).
17
Let i(n) = -n**2 - 8*n + 7. Let v be i(-7). Let r(y) = -17*y**2 + 4*y**2 - 12*y - 156*y**3 - 16 + 157*y**3. List the prime factors of r(v).
2, 3
Let w(o) = -68*o**3 - 8*o - 19. What are the prime factors of w(-2)?
541
Suppose -2*l = 3*l. Let c be l - (-186)/9*3. Suppose c = -3*h + 227. What are the prime factors of h?
5, 11
Suppose -145 = -g + 238. Let s = g - 118. What are the prime factors of s?
5, 53
Let k(n) = 2*n**2 - n**2 + 4*n**2 + 2 - 3 - 2*n. Let l be k(3). Suppose 33 = 3*x - 3*w, -5*x = -2*w - l - 23. What are the prime factors of x?
13
Let i = 20 - -10. What are the prime factors of 774/10 - (-2)/(i/9)?
2, 3, 13
Let y(d) = d**2 - 17*d + 2314. What are the prime factors of y(0)?
2, 13, 89
Let k = 4877 + -348. List the prime factors of k.
7, 647
Let q = 0 - 0. Suppose q = -3*f + 2*f. Suppose -4*m + 75 + 29 = f. List the prime factors of m.
2, 13
Let d be -2 + 20/((-16)/(-4)). Suppose d*z + 0*z - 234 = 0. List the prime factors of z.
2, 3, 13
Let k(s) = 11*s - 6. Let j = 2 + 0. What are the prime factors of k(j)?
2
Let a be (-38)/5 + (-18)/45. Let t be (a/12)/(1/(-6)). Suppose 4*x + 17 - 109 = -4*v, 5*v = t*x + 70. List the prime factors of v.
2, 3
Suppose -29042 - 17878 = -8*j. What are the prime factors of j?
3, 5, 17, 23
Suppose -10*l = -16*l + 1134. List the prime factors of l.
3, 7
Suppose 369*g - 16550 = 364*g. What are the prime factors of g?
2, 5, 331
Let x(w) = 2*w - 5 + 0*w - 5 + 0. Let b be x(6). Suppose b*r = r + 26. List the prime factors of r.
2, 13
Let u = 1 - -30. Suppose -6*x + u + 17 = 0. Let n = x + 22. List the prime factors of n.
2, 3, 5
Let a = -31 - -39. Let i(o) = 8*o + 23. What are the prime factors of i(a)?
3, 29
Suppose 0 = -l + 3, -4*j + 3*l + 2 - 3 = 0. Suppose 0 = j*d - 475 + 89. List the prime factors of d.
193
List the prime factors of (791 + 23)*2/4.
11, 37
Let f = 431 - -51. List the prime factors of f.
2, 241
Let b(c) = -15*c**2 + 9*c - 12. Let n be b(6). Let k = n + 280. What are the prime factors of k/(-9) + (-4)/18?
2, 3
Let k(x) = 47*x**2 + 10*x - 5. What are the prime factors of k(3)?
2, 7
Let s(j) = -j**2 + 31*j - 58. List the prime factors of s(18).
2, 11
Suppose 2*z - 13584 = -22*z. List the prime factors of z.
2, 283
What are the prime factors of 2/(-8) + (-72777)/(-68) + -8?
2, 3, 59
Let m = -8 - 12. Let h = m - -47. What are the prime factors of h?
3
List the prime factors of (-5)/3 - 487766/(-282).
2, 3
Suppose -n - 5 = -9. Suppose n*z - 11 = -3. Suppose -2*o = -a - 53, -z*o - 3*a + 59 = 2*a. List the prime factors of o.
3
Let g be (8/20)/((-5)/(-150)). Suppose -5*d = -d + 3*v + g, -4*d + 4*v = 40. Let q = d + 16. List the prime factors of q.
2, 5
Suppose -q = -2*i - 393, -i + 4*q = 2*i + 587. Suppose 2*z + 536 = -4*u - 12, -5*z + 159 = -u. Let y = u - i. What are the prime factors of y?
2, 29
Let a = -1253 + 2460. What are the prime factors of a?
17, 71
Let p(j) = j**3 + 11 - 3 + 6*j + 9 - 10*j**2. What are the prime factors of p(10)?
7, 11
Let r = 22 + -19. Suppose -555 = -5*j + r*h, -4*h = -4*j - 3*h + 451. What are the prime factors of 3/(-6) - j/(-4)?
2, 7
Suppose -i - 318 + 97 = 0. Let h = -116 - i. List the prime factors of h.
3, 5, 7
Let k(z) = z + 20. Let v be k(-6). Suppose 5*i - 24 = 3*g, v = -0*i + i + 4*g. Let u = i - -18. What are the prime factors of u?
2, 3
Let y = 2 + -1. Let x be (8 + -4)/(0 + y). Suppose k = -0*s + x*s - 115, -135 = -5*s + 3*k. List the prime factors of s.
2, 3, 5
Let z(c) = -8*c**2 - 19*c + 15 + c**2 + c**3 + 15*c**2. List the prime factors of z(-9).
3, 5, 7
Suppose 5*l = 9 + 16. Suppose -l*b + 78 = -x, -4*b + 79 = -x + 17. What are the prime factors of b?
2
Let i = 101 + 745. List the prime factors of i.
2, 3, 47
Let y = 8 + -11. Let z be ((-2)/y)/((-4)/(-18)). Suppose 4*h - z*h - 11 = 0. List the prime factors of h.
11
Let b(q) = -q**3 - 2*q**2 + 3*q + 9. Let f be b(-2). Suppose 0*j - 3*u = -f*j + 828, 5*j - 1360 = u. List the prime factors of j.
271
Let o be 18/12 + ((-146)/(-4) - 2). Suppose -4*u = -3*n - 26 + 6, 0 = 5*n. Suppose -u*p + 8*p + 2*w = 44, -2*p + 2*w = -o. What are the prime factors of p?
2
Let d be (-44)/(-7) + (2 - (-16)/(-7)). Suppose -d*h + h - 60 = -3*o, -2*h - 6 = 0. List the prime factors of o.
3, 5
Let y(n) = 2*n**2 + 2*n - 20. Let c be (6 + -10)*(-1 + 3). List the prime factors of y(c).
2, 23
Let h(f) = f**2 - 14*f + 24. Let i be h(13). Suppose -i*d + 10*d = -74. What are the prime factors of d?
2, 37
Let z = 2361 + 669. List the prime factors of z.
2, 3, 5, 101
Let t(n) = -6*n + 134. List the prime factors of t(-8).
2, 7, 13
Suppose 2*c = 5*m + 4*c - 1709, 2*c + 6 = 0. Suppose -y + 119 = -3*a, a - m = -3*y - 4*a. List the prime factors of y.
2, 29
Let s be 7532/(-36) + 2/9. What are the prime factors of 4/22 + (-21907)/s?
3, 5, 7
Let x = -817 + 5066. List the prime factors of x.
7, 607
Let x(s) = -s**3 - 9*s**2 + 2*s - 370. What are the prime factors of x(-21)?
2, 5, 61
Suppose 17*f + 65240 = 52*f. List the prime factors of f.
2, 233
Suppose -2*u + 115 = 2*t - 17, 0 = u + 5*t - 82. What are the prime factors of u?
2, 31
Let f(u) = 5*u**2 + 27*u + 7. Let t be f(-5). What are the prime factors of t*(-1 + -3 + 3)?
3
Suppose -5*s = q + 22 - 5, -4*q + 4*s = -4. Let k = q + 10. Suppose 2*i - 52 = -k. What are the prime factors of i?
2, 11
Suppose 38 = -4*d + 50. Suppose d*j - 115 = -2*j. What are the prime factors of j?
23
Suppose 0 = -4*o - 0*o + 12. Let g be (-15 - -30)*1/o. Suppose -t - 2*b = -11, -5*t + 0*b - g*b = -55. List the prime factors of t.
11
Suppose 2*p - 3345 + 1195 = 2*i, 3*i = -15. List the prime factors of p.
2, 5, 107
Suppose 2*k = 6*k - 3*m - 20, -2*k + 4*m + 20 = 0. Suppose -248 = -0*c - k*c. Suppose 5*a - v - 247 = -92, 0 = -4*a - v + c. What are the prime factors of a?
31
Let l = -8120 - -13265. What are the prime factors of l?
3, 5, 7
Let p(c) = -27*c - 3. Let r be 1/(3/6 + -1). Let w be p(r). Let v = w - 31. What are the prime factors of v?
2, 5
Let i(x) = -3*x + 13. Let l(z) = -3*z + 38 - 11 + 0. Let d be l(11). List the prime factors of i(d).
31
List the prime factors of 510/25*(-30)/(-9).
2, 17
Let c = -414 - -502. What are the prime factors of c?
2, 11
Suppose -229*o - 678 = -230*o. List the prime factors of o.
2, 3, 113
Let d(h) = h**2 - 18*h + 8. Let l be d(19). Let s = l + -2. What are the prime factors of s?
5
Let b(r) = 31*r + 194. List the prime factors of b(36).
2, 5, 131
Suppose 24*f - 5*f - 43643 = 0. What are the prime factors of f?
2297
Suppose -8712 = -d - 2*d. List the prime factors of d.
2, 3, 11
Suppose 10*f = 5*f + 10. Suppose 0*a + 4*t - 8 = 2*a, 3*a = 4*t - 4. Suppose -5*l + a*x + 67 = 3*x, f*l - 2*x - 30 = 0. What are the prime factors of l?
13
Suppose -72*s = -63*s - 12051. List the prime factors of s.
13, 103
Let w(r) = r**2 + 5*r + 1. Suppose -2 = 2*q + 8. Let v be w(q). List the prime factors of v/5 + (-76)/(-20).
2
Suppose -47 - 40 = -i + 5*t, 5*i - 5*t - 355 = 0. What are the prime factors of i?
67
Let u be 6/2 + 16 + -1. Let a = -19 + u. List the prime factors of (-1 + a)/(20/(-130)).
13
Suppose s - 3*f - 2232 = -2*s, -3*f - 6 = 0. What are the prime factors of s?
2, 7, 53
Let w = 84 + 210. Let c = w + -